{"id":16933,"date":"2021-05-13T22:23:41","date_gmt":"2021-05-13T21:23:41","guid":{"rendered":"https:\/\/www.alliesofhumanity.org\/education-and-action\/"},"modified":"2021-05-13T22:23:42","modified_gmt":"2021-05-13T21:23:42","slug":"education-and-action","status":"publish","type":"page","link":"https:\/\/www.alliesofhumanity.org\/hu\/education-and-action\/","title":{"rendered":"Oktat\u00e1s \u00e9s cselekv\u00e9s"},"content":{"rendered":"\t\t<div data-elementor-type=\"wp-page\" data-elementor-id=\"16933\" class=\"elementor elementor-16933 elementor-1867\" data-elementor-post-type=\"page\">\t\t\t\t\t\t<section class=\"elementor-section elementor-top-section elementor-element elementor-element-4782b150 elementor-section-full_width elementor-section-height-default elementor-section-height-default\" data-id=\"4782b150\" data-element_type=\"section\">\t\t\t\t\t\t<div class=\"elementor-container elementor-column-gap-default\">\t\t\t\t\t<div class=\"elementor-column elementor-col-100 elementor-top-column elementor-element elementor-element-54d1ac8e\" data-id=\"54d1ac8e\" data-element_type=\"column\">\t\t\t<div class=\"elementor-widget-wrap elementor-element-populated\">\t\t\t\t\t\t<div class=\"elementor-element elementor-element-5f862d9 elementor-widget elementor-widget-text-editor\" data-id=\"5f862d9\" data-element_type=\"widget\" data-widget_type=\"text-editor.default\">\t\t\t\t<div class=\"elementor-widget-container\">\t\t\t\t\t\t\t\t\t<h5>L\u00c9NYEG\u00c9BEN A BEAVATKOZ\u00c1SRA A MEGOLD\u00c1S NEM TECHNOL\u00d3GI\u00c1R\u00d3L, POLITIK\u00c1R\u00d3L VAGY KATONAI ER\u0150BEVET\u00c9SR\u0150L SZ\u00d3L.<\/h5><p>Az emberi szellem meg\u00faj\u00edt\u00e1s\u00e1r\u00f3l sz\u00f3l.<\/p><p>Az emberek tudatoss\u00e1 v\u00e1l\u00e1s\u00e1r\u00f3l sz\u00f3l a Beavatkoz\u00e1st illet\u0151en \u00e9s ez ellen val\u00f3 ny\u00edlt felsz\u00f3lal\u00e1s\u00e1r\u00f3l.<\/p><p>Az elszigetelts\u00e9g \u00e9s a nevets\u00e9gess\u00e9 t\u00e9tel v\u00e9get vet\u00e9s\u00e9r\u0151l sz\u00f3l, amely visszatartja az embereket, hogy kinyilv\u00e1n\u00edts\u00e1k azt, amit l\u00e1tnak \u00e9s tudnak.<\/p><p>A f\u00e9lelem, az elker\u00fcl\u00e9s, a fant\u00e1zia \u00e9s a megt\u00e9veszt\u00e9s legy\u0151z\u00e9s\u00e9r\u0151l sz\u00f3l.<\/p><p>Az emberek er\u0151ss\u00e9, tudatoss\u00e1 \u00e9s jogosult\u00e1 v\u00e1l\u00e1s\u00e1r\u00f3l sz\u00f3l.<\/p><p>Az Emberis\u00e9g Sz\u00f6vets\u00e9gesei kritikus tan\u00e1csot ny\u00fajtanak, amely lehet\u0151v\u00e9 teszi sz\u00e1munkra, hogy felismerj\u00fck a Beavatkoz\u00e1st, illetve, hogy ennek hat\u00e1sait ellens\u00falyozzuk. Ahhoz, hogy ezt megtegy\u00fck, a Sz\u00f6vets\u00e9gesek arra \u00f6szt\u00f6n\u00f6znek minket, hogy az \u0151shonos intelligenci\u00e1nkat \u00e9s jogainkat haszn\u00e1ljuk \u00e9s ez\u00e1ltal szabad fajk\u00e9nt t\u00f6lts\u00fck be sorsunkat a Nagyobb K\u00f6z\u00f6ss\u00e9gben.<\/p><h5>A rem\u00e9ny azok \u00e1ltal lesz \u00fajra l\u00e1ngra lobbantva a vil\u00e1gban, akik er\u0151ss\u00e9 tudnak v\u00e1lni a Tud\u00e1sban.<\/h5><p>A rem\u00e9ny el tud halv\u00e1nyulni, majd \u00fajra belobban. \u00dagy t\u0171nhet, hogy j\u00f6n \u00e9s megy, att\u00f3l f\u00fcgg\u0151en, hogy az emberek mennyire vannak megingatva \u00e9s mi az, amit maguknak v\u00e1lasztanak. A rem\u00e9ny benned nyugszik. Az, hogy a L\u00e1thatatlanok itt vannak, nem azt jelenti, hogy van rem\u00e9ny, mert n\u00e9lk\u00fcled nem lenne rem\u00e9ny. Mert te \u00e9s a hozz\u00e1d hasonl\u00f3ak \u00faj rem\u00e9nyt hoznak a vil\u00e1gba, mivel te a Tud\u00e1s aj\u00e1nd\u00e9k\u00e1nak befogad\u00e1s\u00e1t tanulod. Ez egy \u00faj rem\u00e9nyt hoz a vil\u00e1gba. Tal\u00e1n ebben a pillanatban sz\u00e1modra ez nem teljesen l\u00e1that\u00f3. Tal\u00e1n ez \u00fagy t\u0171nik, hogy t\u00fal van a felfog\u00e1sod hat\u00e1rain. De egy nagyobb t\u00e1vlatb\u00f3l n\u00e9zve, ez olyannyira igaz \u00e9s olyan nagyon fontos.<\/p><p>A vil\u00e1gnak a Nagyobb K\u00f6z\u00f6ss\u00e9gbe val\u00f3 emelked\u00e9se ehhez sz\u00f3l, mert ha senki sem k\u00e9sz\u00fclne a Nagyobb K\u00f6z\u00f6ss\u00e9gre, nos, akkor a rem\u00e9ny elhalv\u00e1nyulni l\u00e1tszana. \u00c9s az emberis\u00e9g sorsa teljesen kisz\u00e1m\u00edthat\u00f3 lenne. De mivel a vil\u00e1gban van rem\u00e9ny, mert benned van rem\u00e9ny \u00e9s a hozz\u00e1d hasonl\u00f3kban, akik a m\u00e9lyebb h\u00edv\u00e1sra v\u00e1laszolnak, az emberis\u00e9g sors\u00e1nak van egy nagyobb \u00edg\u00e9rete \u00e9s m\u00e9g az emberis\u00e9g szabads\u00e1ga is j\u00f3l bebiztos\u00edthat\u00f3.<\/p><p><a href=\"https:\/\/www.newmessage.org\/hu\/lepesek-tudashoz-benso-tudas-konyve\/\" rel=\"noopener\" target=\"_blank\">L\u00e9p\u00e9sek a Tud\u00e1shoz <\/a><\/p><p><a href=\"https:\/\/www.newmessage.org\/hu\/\" rel=\"noopener\" target=\"_blank\">Isten \u00daj \u00dczenet\u00e9re  <\/a><\/p>\t\t\t\t\t\t\t\t<\/div>\t\t\t\t<\/div>\t\t\t\t\t<\/div>\t\t<\/div>\t\t\t\t\t<\/div>\t\t<\/section>\t\t\t\t<\/div><p>\t\t<\/p>","protected":false},"excerpt":{"rendered":"<p>L\u00c9NYEG\u00c9BEN A BEAVATKOZ\u00c1SRA A MEGOLD\u00c1S NEM TECHNOL\u00d3GI\u00c1R\u00d3L, POLITIK\u00c1R\u00d3L VAGY KATONAI ER\u0150BEVET\u00c9SR\u0150L SZ\u00d3L. Az emberi szellem meg\u00faj\u00edt\u00e1s\u00e1r\u00f3l sz\u00f3l. Az emberek tudatoss\u00e1 v\u00e1l\u00e1s\u00e1r\u00f3l sz\u00f3l a Beavatkoz\u00e1st illet\u0151en \u00e9s ez ellen val\u00f3 ny\u00edlt felsz\u00f3lal\u00e1s\u00e1r\u00f3l. Az elszigetelts\u00e9g \u00e9s a nevets\u00e9gess\u00e9 t\u00e9tel v\u00e9get vet\u00e9s\u00e9r\u0151l sz\u00f3l, amely visszatartja az embereket, hogy kinyilv\u00e1n\u00edts\u00e1k azt, amit l\u00e1tnak \u00e9s tudnak. A f\u00e9lelem, az elker\u00fcl\u00e9s, [&hellip;]<\/p>\n","protected":false},"author":2,"featured_media":0,"parent":0,"menu_order":3,"comment_status":"closed","ping_status":"closed","template":"page.php","meta":{"_acf_changed":false,"footnotes":""},"class_list":["post-16933","page","type-page","status-publish","hentry"],"acf":[],"yoast_head":"<!-- This site is optimized with the Yoast SEO plugin v26.5 - https:\/\/yoast.com\/wordpress\/plugins\/seo\/ -->\n<title>Extraterrestrial Contact: Essential Education and Action<\/title>\n<meta name=\"description\" content=\"This vast body of Teachings in its entirety is unlike anything in the world today and represents a New Message for Humanity.\" \/>\n<meta name=\"robots\" content=\"index, follow, max-snippet:-1, max-image-preview:large, max-video-preview:-1\" \/>\n<link rel=\"canonical\" href=\"https:\/\/www.alliesofhumanity.org\/hu\/education-and-action\/\" \/>\n<meta property=\"og:locale\" content=\"hu_HU\" \/>\n<meta property=\"og:type\" content=\"article\" \/>\n<meta property=\"og:title\" content=\"Extraterrestrial Contact: Essential Education and Action\" \/>\n<meta property=\"og:description\" content=\"This vast body of Teachings in its entirety is unlike anything in the world today and represents a New Message for Humanity.\" \/>\n<meta property=\"og:url\" content=\"https:\/\/www.alliesofhumanity.org\/hu\/education-and-action\/\" \/>\n<meta property=\"og:site_name\" content=\"The Allies of Humanity\" \/>\n<meta property=\"article:publisher\" content=\"https:\/\/www.facebook.com\/alliesofhumanity\/\" \/>\n<meta property=\"article:modified_time\" content=\"2021-05-13T21:23:42+00:00\" \/>\n<meta property=\"og:image\" content=\"https:\/\/www.alliesofhumanity.org\/wp-content\/uploads\/2021\/01\/og-socialmedia-aoh.jpg\" \/>\n\t<meta property=\"og:image:width\" content=\"1200\" \/>\n\t<meta property=\"og:image:height\" content=\"630\" \/>\n\t<meta property=\"og:image:type\" content=\"image\/jpeg\" \/>\n<meta name=\"twitter:card\" content=\"summary_large_image\" \/>\n<meta name=\"twitter:title\" content=\"Extraterrestrial Contact: Essential Education and Action\" \/>\n<meta name=\"twitter:site\" content=\"@earthallies\" \/>\n<meta name=\"twitter:label1\" content=\"Becs\u00fclt olvas\u00e1si id\u0151\" \/>\n\t<meta name=\"twitter:data1\" content=\"2 perc\" \/>\n<script type=\"application\/ld+json\" class=\"yoast-schema-graph\">{\"@context\":\"https:\/\/schema.org\",\"@graph\":[{\"@type\":\"WebPage\",\"@id\":\"https:\/\/www.alliesofhumanity.org\/hu\/education-and-action\/\",\"url\":\"https:\/\/www.alliesofhumanity.org\/hu\/education-and-action\/\",\"name\":\"Extraterrestrial Contact: Essential Education and Action\",\"isPartOf\":{\"@id\":\"https:\/\/www.alliesofhumanity.org\/hu\/#website\"},\"datePublished\":\"2021-05-13T21:23:41+00:00\",\"dateModified\":\"2021-05-13T21:23:42+00:00\",\"description\":\"This vast body of Teachings in its entirety is unlike anything in the world today and represents a New Message for Humanity.\",\"inLanguage\":\"hu\",\"potentialAction\":[{\"@type\":\"ReadAction\",\"target\":[\"https:\/\/www.alliesofhumanity.org\/hu\/education-and-action\/\"]}]},{\"@type\":\"WebSite\",\"@id\":\"https:\/\/www.alliesofhumanity.org\/hu\/#website\",\"url\":\"https:\/\/www.alliesofhumanity.org\/hu\/\",\"name\":\"The Allies of Humanity\",\"description\":\"\",\"potentialAction\":[{\"@type\":\"SearchAction\",\"target\":{\"@type\":\"EntryPoint\",\"urlTemplate\":\"https:\/\/www.alliesofhumanity.org\/hu\/?s={search_term_string}\"},\"query-input\":{\"@type\":\"PropertyValueSpecification\",\"valueRequired\":true,\"valueName\":\"search_term_string\"}}],\"inLanguage\":\"hu\"}]}<\/script>\n<!-- \/ Yoast SEO plugin. -->","yoast_head_json":{"title":"Extraterrestrial Contact: Essential Education and Action","description":"This vast body of Teachings in its entirety is unlike anything in the world today and represents a New Message for Humanity.","robots":{"index":"index","follow":"follow","max-snippet":"max-snippet:-1","max-image-preview":"max-image-preview:large","max-video-preview":"max-video-preview:-1"},"canonical":"https:\/\/www.alliesofhumanity.org\/hu\/education-and-action\/","og_locale":"hu_HU","og_type":"article","og_title":"Extraterrestrial Contact: Essential Education and Action","og_description":"This vast body of Teachings in its entirety is unlike anything in the world today and represents a New Message for Humanity.","og_url":"https:\/\/www.alliesofhumanity.org\/hu\/education-and-action\/","og_site_name":"The Allies of Humanity","article_publisher":"https:\/\/www.facebook.com\/alliesofhumanity\/","article_modified_time":"2021-05-13T21:23:42+00:00","og_image":[{"width":1200,"height":630,"url":"https:\/\/www.alliesofhumanity.org\/wp-content\/uploads\/2021\/01\/og-socialmedia-aoh.jpg","type":"image\/jpeg"}],"twitter_card":"summary_large_image","twitter_title":"Extraterrestrial Contact: Essential Education and Action","twitter_site":"@earthallies","twitter_misc":{"Becs\u00fclt olvas\u00e1si id\u0151":"2 perc"},"schema":{"@context":"https:\/\/schema.org","@graph":[{"@type":"WebPage","@id":"https:\/\/www.alliesofhumanity.org\/hu\/education-and-action\/","url":"https:\/\/www.alliesofhumanity.org\/hu\/education-and-action\/","name":"Extraterrestrial Contact: Essential Education and Action","isPartOf":{"@id":"https:\/\/www.alliesofhumanity.org\/hu\/#website"},"datePublished":"2021-05-13T21:23:41+00:00","dateModified":"2021-05-13T21:23:42+00:00","description":"This vast body of Teachings in its entirety is unlike anything in the world today and represents a New Message for Humanity.","inLanguage":"hu","potentialAction":[{"@type":"ReadAction","target":["https:\/\/www.alliesofhumanity.org\/hu\/education-and-action\/"]}]},{"@type":"WebSite","@id":"https:\/\/www.alliesofhumanity.org\/hu\/#website","url":"https:\/\/www.alliesofhumanity.org\/hu\/","name":"The Allies of Humanity","description":"","potentialAction":[{"@type":"SearchAction","target":{"@type":"EntryPoint","urlTemplate":"https:\/\/www.alliesofhumanity.org\/hu\/?s={search_term_string}"},"query-input":{"@type":"PropertyValueSpecification","valueRequired":true,"valueName":"search_term_string"}}],"inLanguage":"hu"}]}},"_links":{"self":[{"href":"https:\/\/www.alliesofhumanity.org\/hu\/wp-json\/wp\/v2\/pages\/16933","targetHints":{"allow":["GET"]}}],"collection":[{"href":"https:\/\/www.alliesofhumanity.org\/hu\/wp-json\/wp\/v2\/pages"}],"about":[{"href":"https:\/\/www.alliesofhumanity.org\/hu\/wp-json\/wp\/v2\/types\/page"}],"author":[{"embeddable":true,"href":"https:\/\/www.alliesofhumanity.org\/hu\/wp-json\/wp\/v2\/users\/2"}],"replies":[{"embeddable":true,"href":"https:\/\/www.alliesofhumanity.org\/hu\/wp-json\/wp\/v2\/comments?post=16933"}],"version-history":[{"count":1,"href":"https:\/\/www.alliesofhumanity.org\/hu\/wp-json\/wp\/v2\/pages\/16933\/revisions"}],"predecessor-version":[{"id":16935,"href":"https:\/\/www.alliesofhumanity.org\/hu\/wp-json\/wp\/v2\/pages\/16933\/revisions\/16935"}],"wp:attachment":[{"href":"https:\/\/www.alliesofhumanity.org\/hu\/wp-json\/wp\/v2\/media?parent=16933"}],"curies":[{"name":"wp","href":"https:\/\/api.w.org\/{rel}","templated":true}]}}

Oktatás és cselekvés

<div data-elementor-type="wp-page" data-elementor-id="16933" class="elementor elementor-16933 elementor-1867" data-elementor-post-type="page">						<section class="elementor-section elementor-top-section elementor-element elementor-element-4782b150 elementor-section-full_width elementor-section-height-default elementor-section-height-default" data-id="4782b150" data-element_type="section">						<div class="elementor-container elementor-column-gap-default">					<div class="elementor-column elementor-col-100 elementor-top-column elementor-element elementor-element-54d1ac8e" data-id="54d1ac8e" data-element_type="column">			<div class="elementor-widget-wrap elementor-element-populated">						<div class="elementor-element elementor-element-5f862d9 elementor-widget elementor-widget-text-editor" data-id="5f862d9" data-element_type="widget" data-widget_type="text-editor.default">				<div class="elementor-widget-container">									<h5>LÉNYEGÉBEN A BEAVATKOZÁSRA A MEGOLDÁS NEM TECHNOLÓGIÁRÓL, POLITIKÁRÓL VAGY KATONAI ERŐBEVETÉSRŐL SZÓL.</h5><p>Az emberi szellem megújításáról szól.</p><p>Az emberek tudatossá válásáról szól a Beavatkozást illetően és ez ellen való nyílt felszólalásáról.</p><p>Az elszigeteltség és a nevetségessé tétel véget vetéséről szól, amely visszatartja az embereket, hogy kinyilvánítsák azt, amit látnak és tudnak.</p><p>A félelem, az elkerülés, a fantázia és a megtévesztés legyőzéséről szól.</p><p>Az emberek erőssé, tudatossá és jogosultá válásáról szól.</p><p>Az Emberiség Szövetségesei kritikus tanácsot nyújtanak, amely lehetővé teszi számunkra, hogy felismerjük a Beavatkozást, illetve, hogy ennek hatásait ellensúlyozzuk. Ahhoz, hogy ezt megtegyük, a Szövetségesek arra ösztönöznek minket, hogy az őshonos intelligenciánkat és jogainkat használjuk és ezáltal szabad fajként töltsük be sorsunkat a Nagyobb Közösségben.</p><h5>A remény azok által lesz újra lángra lobbantva a világban, akik erőssé tudnak válni a Tudásban.</h5><p>A remény el tud halványulni, majd újra belobban. Úgy tűnhet, hogy jön és megy, attól függően, hogy az emberek mennyire vannak megingatva és mi az, amit maguknak választanak. A remény benned nyugszik. Az, hogy a Láthatatlanok itt vannak, nem azt jelenti, hogy van remény, mert nélküled nem lenne remény. Mert te és a hozzád hasonlóak új reményt hoznak a világba, mivel te a Tudás ajándékának befogadását tanulod. Ez egy új reményt hoz a világba. Talán ebben a pillanatban számodra ez nem teljesen látható. Talán ez úgy tűnik, hogy túl van a felfogásod határain. De egy nagyobb távlatból nézve, ez olyannyira igaz és olyan nagyon fontos.</p><p>A világnak a Nagyobb Közösségbe való emelkedése ehhez szól, mert ha senki sem készülne a Nagyobb Közösségre, nos, akkor a remény elhalványulni látszana. És az emberiség sorsa teljesen kiszámítható lenne. De mivel a világban van remény, mert benned van remény és a hozzád hasonlókban, akik a mélyebb hívásra válaszolnak, az emberiség sorsának van egy nagyobb ígérete és még az emberiség szabadsága is jól bebiztosítható.</p><p><a href="https://www.newmessage.org/hu/lepesek-tudashoz-benso-tudas-konyve/" rel="noopener" target="_blank">Lépések a Tudáshoz </a></p><p><a href="https://www.newmessage.org/hu/" rel="noopener" target="_blank">Isten Új Üzenetére  </a></p>								</div>				</div>					</div>		</div>					</div>		</section>				</div><p>		</p>

<p>LÉNYEGÉBEN A BEAVATKOZÁSRA A MEGOLDÁS NEM TECHNOLÓGIÁRÓL, POLITIKÁRÓL VAGY KATONAI ERŐBEVETÉSRŐL SZÓL. Az emberi szellem megújításáról szól. Az emberek tudatossá válásáról szól a Beavatkozást illetően és ez ellen való nyílt felszólalásáról. Az elszigeteltség és a nevetségessé tétel véget vetéséről szól, amely visszatartja az embereket, hogy kinyilvánítsák azt, amit látnak és tudnak. A félelem, az elkerülés, [&hellip;]</p>

<!-- This site is optimized with the Yoast SEO plugin v26.5 - https://yoast.com/wordpress/plugins/seo/ -->
<title>Extraterrestrial Contact: Essential Education and Action</title>
<meta name="description" content="This vast body of Teachings in its entirety is unlike anything in the world today and represents a New Message for Humanity." />
<meta name="robots" content="index, follow, max-snippet:-1, max-image-preview:large, max-video-preview:-1" />
<link rel="canonical" href="https://www.alliesofhumanity.org/hu/education-and-action/" />
<meta property="og:locale" content="hu_HU" />
<meta property="og:type" content="article" />
<meta property="og:title" content="Extraterrestrial Contact: Essential Education and Action" />
<meta property="og:description" content="This vast body of Teachings in its entirety is unlike anything in the world today and represents a New Message for Humanity." />
<meta property="og:url" content="https://www.alliesofhumanity.org/hu/education-and-action/" />
<meta property="og:site_name" content="The Allies of Humanity" />
<meta property="article:publisher" content="https://www.facebook.com/alliesofhumanity/" />
<meta property="article:modified_time" content="2021-05-13T21:23:42+00:00" />
<meta property="og:image" content="https://www.alliesofhumanity.org/wp-content/uploads/2021/01/og-socialmedia-aoh.jpg" />
	<meta property="og:image:width" content="1200" />
	<meta property="og:image:height" content="630" />
	<meta property="og:image:type" content="image/jpeg" />
<meta name="twitter:card" content="summary_large_image" />
<meta name="twitter:title" content="Extraterrestrial Contact: Essential Education and Action" />
<meta name="twitter:site" content="@earthallies" />
<meta name="twitter:label1" content="Becsült olvasási idő" />
	<meta name="twitter:data1" content="2 perc" />
<script type="application/ld+json" class="yoast-schema-graph">{"@context":"https://schema.org","@graph":[{"@type":"WebPage","@id":"https://www.alliesofhumanity.org/hu/education-and-action/","url":"https://www.alliesofhumanity.org/hu/education-and-action/","name":"Extraterrestrial Contact: Essential Education and Action","isPartOf":{"@id":"https://www.alliesofhumanity.org/hu/#website"},"datePublished":"2021-05-13T21:23:41+00:00","dateModified":"2021-05-13T21:23:42+00:00","description":"This vast body of Teachings in its entirety is unlike anything in the world today and represents a New Message for Humanity.","inLanguage":"hu","potentialAction":[{"@type":"ReadAction","target":["https://www.alliesofhumanity.org/hu/education-and-action/"]}]},{"@type":"WebSite","@id":"https://www.alliesofhumanity.org/hu/#website","url":"https://www.alliesofhumanity.org/hu/","name":"The Allies of Humanity","description":"","potentialAction":[{"@type":"SearchAction","target":{"@type":"EntryPoint","urlTemplate":"https://www.alliesofhumanity.org/hu/?s={search_term_string}"},"query-input":{"@type":"PropertyValueSpecification","valueRequired":true,"valueName":"search_term_string"}}],"inLanguage":"hu"}]}</script>
<!-- / Yoast SEO plugin. -->
